 the highest common factor of n and r?
17
Let v = -27 + 38. What is the highest common factor of 77 and v?
11
Let a(t) = t + 91. Suppose -4*l + 10 = -6. Suppose -s = -2 - 3, -5*h - l*s = -20. Let p be a(h). What is the greatest common divisor of 13 and p?
13
Suppose 6*k = 3*k + 180. Calculate the highest common factor of 24 and k.
12
Suppose -11*s + 109 = -56. Suppose 5*t = -2*n - 50 + 215, 5*n - 378 = -t. What is the highest common factor of n and s?
15
Let z = -2 + 0. Let j be z/(-4) - (-18)/4. Calculate the greatest common factor of 25 and j.
5
Suppose 2*b - 3*o + 2*o = 22, -2*o = 2*b - 28. Let a(q) = 8*q**3 - 2*q**2 + 3*q - 2. Let p be a(2). Calculate the greatest common factor of p and b.
12
Let h(z) = z**2 - z + 7. Let k be h(6). Let i = k + -25. What is the highest common factor of i and 132?
12
Let t = 43 + 204. Suppose -q = -r - t, -4*q + 1220 = q - 2*r. What is the highest common divisor of q and 22?
22
Suppose 30 = 2*u - 186. Let h(q) = -q - 15. Let g be h(-9). Let v(l) = l**2 + 3*l - 6. Let j be v(g). Calculate the greatest common divisor of u and j.
12
Let p(a) be the first derivative of a**3/3 + a**2/2 + 12*a + 3. Let f be p(0). Suppose 15 = 3*x - f. What is the highest common divisor of x and 45?
9
Let k = 8 + -4. Suppose -3*v + 2*v = -47. Suppose -4*l = -4*r - r + v, 0 = -5*r - k*l + 63. Calculate the greatest common divisor of 11 and r.
11
Let h = 2 - -4. Suppose -k + 181 + h = 0. What is the greatest common divisor of 17 and k?
17
Let f = -118 - -178. Suppose 5*j = j + f. Calculate the highest common factor of j and 3.
3
Let i = 11 - 6. Let u = 4 - 2. Suppose -54 - 30 = -4*r - u*t, -2*r + 3*t + 34 = 0. What is the greatest common divisor of i and r?
5
Suppose -11*f - 24 = -14*f. Calculate the greatest common divisor of f and 56.
8
Suppose -4*d + 63 = 5*m, -4 = -3*d + 5*m + 17. Calculate the greatest common factor of 4 and d.
4
Let v be 4/(-3)*(-6)/4. Suppose 0 = -a - v + 4. Suppose 0*z = -z + a. Calculate the highest common factor of z and 4.
2
Let a be (-1)/2 + (-1)/(-2). Let l be 3 - (3 + a)/(-3). Calculate the highest common divisor of 2 and l.
2
Let t = 10 + -19. Let q(f) = -f**3 - 9*f**2 - 3*f + 11. Let s be q(t). What is the highest common factor of s and 19?
19
Suppose a - 6 = -2*a, -3*a = 2*x - 320. Suppose -x + 29 = -4*t. Suppose 2*l - 28 = t. Calculate the greatest common divisor of l and 15.
15
Let n(u) = u**3 + 9*u**2 + 3*u. Let t be n(-8). Suppose 0 = 7*h - 3*h - t. Calculate the highest common factor of h and 50.
10
Suppose -i = y - 16, -22*i = -21*i. What is the greatest common factor of 16 and y?
16
Let f = 179 - 173. Suppose -2*b - 1 = -5. What is the highest common factor of f and b?
2
Let k be 11/(-4*(-1)/12). What is the highest common divisor of k and 3?
3
Let v(n) = -n**2 - 20*n - 8. Let m(z) = z - 4. Let j be m(-7). Let k be v(j). Calculate the highest common divisor of k and 13.
13
Let g(y) = 3*y**2 + 5*y - 4. Let d be g(-3). Calculate the highest common factor of d and 24.
8
Let b(l) = 9*l**2 - 2*l. Let a be b(-4). Let r = 33 - 14. What is the highest common factor of a and r?
19
Let l be (-4)/10*(-10 - 40). What is the greatest common divisor of 5 and l?
5
Let w be (7 - 4) + 6/2 - 3. What is the greatest common factor of 24 and w?
3
Let a(h) = -h**3 + 5*h**2 - 3*h. Let l be a(4). Let r = 3 - l. Let d be 18*((-2)/3)/r. Calculate the highest common factor of 18 and d.
6
Suppose 72 = 4*i - 432. Let l = i - 180. Let m = -36 - l. Calculate the highest common factor of 18 and m.
18
Let l(u) = u + 4. Let b = -3 - -2. Let y(i) = -2*i + 1. Let c be y(b). Let j be l(c). What is the highest common factor of 1 and j?
1
Let a = 32 + -17. Let f = 9 + -4. What is the greatest common divisor of a and f?
5
Let g(m) = 4*m - 2. Let b be g(2). Let q be (-1)/(9/b + -2). Suppose -4*v + 46 = y, 46 = 5*v - q*v - 5*y. What is the highest common factor of v and 108?
12
Suppose -t - t = -4*k + 250, 305 = 5*k - 5*t. What is the greatest common factor of k and 32?
32
Let p(h) = -55*h - 1. Let d be p(-1). Let r(l) = -l**2 + 8*l - 7. Let w be r(6). Suppose -s + w*s = 72. Calculate the greatest common divisor of s and d.
18
Suppose -g = -0*g + 2, -3*y - g = 32. Let b = 26 - y. Let a = -19 + 31. What is the greatest common divisor of b and a?
12
Let r(b) = 7*b**2 + 3*b - 1. Let h be r(1). Calculate the highest common divisor of h and 3.
3
Let z = 49 + -33. Let n be (8/z)/((-2)/(-52)). Calculate the greatest common divisor of 91 and n.
13
Let q = 20 + -7. Calculate the greatest common divisor of 208 and q.
13
Let i be (0 - -34) + -3 + 4. Calculate the greatest common divisor of i and 5.
5
Suppose -7 = -3*l + 2. Suppose 14 = 3*f - 0*f + x, -3*x = -3*f + 30. Let n be 2 + -2*(-3)/f. What is the highest common factor of l and n?
3
Let k be (-6*(-8)/5)/(9/30). What is the greatest common divisor of k and 16?
16
Suppose 4*d = 84 + 100. What is the greatest common divisor of d and 92?
46
Let b be -3 - -1*(1 + -3). Let i be (4/10)/(b/(-100)). Let h = 1 - 0. What is the greatest common factor of i and h?
1
Let a(n) = -10*n**3 + n**2 + 4*n + 2. Let q be a(-1). Suppose 26 = 2*l + 2*h, 5*l - 56 = l - 5*h. What is the greatest common divisor of q and l?
9
Let m = -12 - -16. Suppose 3*a - 6 - 6 = 0. Suppose a*d - 3*q - 36 = 0, -5*d + 4*q - 5 = -49. What is the greatest common divisor of d and m?
4
Let x(z) = 20*z. Let g be x(3). Suppose -10 = 4*y + 26. Let d be y*5*3/(-9). Calculate the greatest common divisor of d and g.
15
Suppose 2*z - 4*w - 12 = 0, -4*z + 6 = 5*w - 5. Calculate the highest common divisor of z and 8.
4
Let g be 2/(1 - 2 - 1)*-4. Let f = 4 - 3. Calculate the greatest common factor of g and f.
1
Let q be 6*5/(-25)*(-15)/1. Calculate the highest common divisor of 6 and q.
6
Let f be 42 + 4/((-3)/3). What is the greatest common divisor of 152 and f?
38
Let a be (-1 + -1)/(3/(-120)). Calculate the greatest common divisor of a and 120.
40
Suppose 6*j - 44 = 2*j. What is the greatest common factor of 1 and j?
1
Let c(o) = 3*o**3 + 2*o - 1. Let i = 1 - -1. Let j be c(i). Let t be (-68)/(-18) - (-6)/j. What is the greatest common divisor of 8 and t?
4
Suppose -3*n = -0*n - 30. Let d(x) = x**3 + 5*x**2 + 2*x - 4. Let w be d(-4). What is the highest common factor of n and w?
2
Let o(a) = a**2 - 8. Let z be o(-4). Calculate the greatest common divisor of z and 56.
8
Let u = 6 - -8. Let x(z) = -2*z. Let h be x(-2). Suppose 0 = 2*b - h*t - 184, 303 = 3*b - t + 4*t. What is the greatest common divisor of u and b?
14
Suppose 3*j + 11 = 110. Suppose h + 146 = -5*d + 5*h, -d - 3*h = j. Let u = d + 55. What is the greatest common factor of 175 and u?
25
Let n be (-4)/4 + 2 - 1. Let z(x) = -x**2 + x + 72. Let u be z(n). What is the greatest common factor of u and 24?
24
Suppose -97 = -a - 9*n + 7*n, 3*a - 3*n = 300. What is the highest common factor of a and 18?
9
Let s be -20*(-2 - 10/(-4)). Let i = s + 16. Let f = 0 - -6. Calculate the highest common factor of i and f.
6
Let y be 24/(3 - 0) + 0. Let d be (1/(-1))/(-1 + 0). Let m = 1 + d. What is the highest common factor of m and y?
2
Let d = 16 + -8. Let l(n) = -n**3 + 7*n**2 + 10*n - 11. Let h be l(d). Calculate the greatest common factor of h and 5.
5
Suppose -9 = -2*r + 151. Calculate the highest common divisor of 8 and r.
8
Suppose -28 - 11 = -3*b. Calculate the greatest common factor of 104 and b.
13
Let m be 2 - 1 - 2 - -14. Suppose 0 = p + u - 20, 5*u + 2 = -4*p + 77. Suppose 66 = t - p. Calculate the greatest common divisor of t and m.
13
Let u be (-182)/3 + 10/15. Let f be ((-11)/(-2))/((-3)/u). Let o be (-2)/(-8) - 78/(-8). What is the greatest common divisor of f and o?
10
Suppose 5*y = 2*y. Suppose y = -h + 2. Calculate the greatest common divisor of h and 14.
2
Suppose -q + 22 = -0*q. What is the greatest common divisor of q and 88?
22
Suppose 6*x - 45 = 3*x. Suppose -3 = a - 5. Suppose 5*g = g + a*v + 174, -4*v = -4*g + 168. What is the highest common factor of x and g?
15
Let x be (-2 + 8 - -1) + -2. Let h(y) = -y**3 - 6*y**2 - 2*y + 8. Let u be h(-6). What is the highest common divisor of x and u?
5
Let l(i) = -4*i**3 + i**2 - 2*i. Let y(c) = c - 8. Let z be y(6). Let x be l(z). Suppose x = -0*a + 4*a. Calculate the greatest common divisor of a and 5.
5
Suppose 1 + 14 = 5*x